 is the value of (19 - -4 - -3 - 26) + (1 - -9) - 77?
-67
787 + -605 - (2 - -61)
119
Evaluate -14 - ((20 + -9 - -22 - 16) + 34).
-65
Evaluate -28 + 16 + -2 - -28 - (-4 + 49 - -4).
-35
What is 48 + -21 + -11 - 76 - (12 - -8)?
-80
What is -47 - (-18 - (-10 - 1)) - -21?
-19
Calculate (-2 - (-4 + -97)) + (18 - (-23 - -55)).
85
Evaluate -51 + -5 + -2 + 11 - (-1 + -21 + 10).
-35
27 + 16 + (-23 - -3) + -90
-67
Calculate -10 + -14 - (25 - (60 - 26)).
-15
-42 + 33 + 9 + (6 - 68)
-62
What is 0 + 25 - (-1102 - -1146) - 11?
-30
Evaluate 186 + -39 + -43 - 66.
38
What is the value of 1 - 3 - (-767 + 788)?
-23
(44 - 35) + (25 + -92 - 20)
-78
Evaluate -13 + 6 - ((114 - 230) + 51).
58
-20 - 0 - (334 + -436 + (-1 - -32))
51
Calculate (2 - (-18 + 4 + (51 - 63))) + -1.
27
What is 536 + -553 + (2 - -18) + -13 + 1 + -55?
-64
-20 + 45 - 8 - 24 - 2
-9
Evaluate 54 - (80 - (77 - 12)).
39
Calculate -4 + -6 + 1 - (12 - -11) - -1.
-31
What is the value of -57 - (-31 + 9 + 5 - (-5 + -9))?
-54
111 - (-107 + 97) - (-4 - -44)
81
Evaluate (-63 - -1) + -4 - (105 - 127 - (-35 + 1)).
-78
What is the value of -1 + 43 + 2 + -113 + (95 - -28)?
54
(28 - (3 - -14)) + 3 + -15 + 38
37
What is -55 + (-3 - -128) + (-13 - -6) + 29?
92
(-5 - (-2 + 5)) + -923 + 913
-18
64 + 10 + -165 + 50
-41
Calculate 1 + 21 + 112 + -53 + -8 + -7.
66
What is -81 + 7 + -23 + -10 + 15 - -18?
-74
What is the value of 5 - -21 - (99 - 43)?
-30
What is the value of 7 + 25 + 3 + -60?
-25
Calculate 53 + (34 + -106 - -42).
23
Evaluate -25 - (13 + -1 - 21) - 51.
-67
Evaluate (3 + -14 - -2 - -5) + 44 + 3.
43
What is (145 - 28 - 14) + -66?
37
What is 11 + -9 + -99 + (96 - 75)?
-76
Calculate (-2 - -59) + -39 - -29.
47
100 + -111 + 5 + 2 + (3 - 10) + 75
64
48 + -55 - (9 + (-1 - -7 - 0))
-22
What is -214 + 168 + (0 + -2 + -5 - (11 + -24))?
-40
What is the value of -5 - ((16 - (-17 - -1 - -8)) + -16)?
-13
Evaluate 65 - (9 + (5 - 42) + 26 + (-1 - -8)).
60
(-12 - 0) + -3 + -6 + 52 + -89
-58
What is -37 - (-129 - -162 - -9)?
-79
15 + 110 + -928 + 770
-33
Calculate 8 - (-4 + (36 - 16) + -75) - (0 + 3).
64
14 + (-29 - (27 - -3) - (8 - -2))
-55
Calculate 6 - (-41 - ((-13 - (6 - 26 - -7)) + 6)).
53
What is the value of 1 - 8 - (-144 + -101 + 194)?
44
(16 - 8) + (-13 + 3 + -7 - -74)
65
Calculate -55 + -4 - (69 + -162).
34
Evaluate 9 - (-4 - -10) - 12 - (-78 - 5).
74
Calculate -29 + 6 - -20 - (32 - 2) - -12.
-21
Evaluate (-8 - 1) + (193 + -225 - -39).
-2
Calculate -29 - ((22 - 27 - -59) + 45).
-128
What is 67 + (-40 - (-37 + 50))?
14
Calculate 19 + 2 + 7 - (-10 + (-3 - -2 - -4)).
35
Calculate 59 + -84 + 48 - (11 - 2) - (-24 + -1).
39
What is -101 - (-92 + 114 - 16)?
-107
Calculate (39 - (-5 + 7)) + (-56 - -72) + 8.
61
What is (23 + 2 - -1 - 4) + 3?
25
What is the value of (5 + 5 - (14 + 3)) + 10 + 2?
5
Evaluate -5 + -3 + 14 + (-10 - -1) + 5.
2
Calculate 30 + -9 + (6 - (-18 - -18)).
27
-20 - (-39 + 23 - 10 - -21 - 20)
5
What is 19 + (-26 - -7) - (-1 + 49)?
-48
What is the value of (30 - 8 - 15) + 19 + -16?
10
Evaluate -15 + (-39 - -20) + 40.
6
Evaluate -32 - ((-1 - -10) + (-102 - -84)).
-23
Calculate -21 + 87 + (-80 - -43).
29
81 + (-22 - (81 - -1))
-23
Evaluate (15 - 42) + (17 - 19).
-29
(7 + -7 - -10) + -11 + 17 + 7
23
What is (19 - (3 - -7) - 59) + -5 + 4?
-51
Evaluate 27 - (-56 - -2 - (-327 - -318)).
72
Calculate 64 - ((-4 + (31 - 17) - -1) + -2).
55
(-15 + -3 - -2) + 11 + -2 + -4
-11
Evaluate -11 - -48 - 16 - -20.
41
What is the value of (30 - 10) + 48 + -89?
-21
What is the value of -40 - (91 - (108 - 74))?
-97
-20 - (-18 - -7 - -21) - 11
-41
Calculate -1 + (1 + -11 - -3) - (-806 - -826).
-28
Calculate 17 + 67 + -6 + -25 - (3 - 0).
50
What is -3011 - -2985 - (-2 - 31)?
7
(1 - -17) + -66 + -1 + 119 - 15
55
Evaluate -8 + -46 - (108 - 149).
-13
-24 - (-29 - 1 - (377 - 399))
-16
Evaluate 498 - 524 - (-100 + 1) - 8.
65
Calculate -7 + (45 - -57) + (-18 - -6).
83
What is the value of (7 - 1) + -20 + -8 + -12 + 18?
-16
What is 170 + -139 + -72 + 3?
-38
What is (125 - (148 + -82)) + 36?
95
Calculate 53 + (0 - 2 - 12 - -6) + 10 + 0.
55
5 + 56 - (-105 - -104)
62
Calculate -5 + (1 - -21 - -16) + 25.
58
What is -7 - (-17 + 1 + (-2 - (-90 + 4)))?
-75
What is the value of 7 - (6 + -7 + -4 + 1 - 8)?
19
What is (187 - 27 - 89) + 1 + 2?
74
56 - ((-10 + -1 - 0 - (-446 + 441)) + 6)
56
What is (7 - 3) + -54 - (-10 + -3 + -4)?
-33
(-19 - -28) + (-45 - -3) + 9 - -1
-23
Calculate (105 - (-39 + 63)) + 4 + -32.
53
What is the value of 23 + (-15 - (-8 - -16 - 8)) + 4?
12
What is 6 - 4 - (224 + -228)?
6
377 + -342 + (5 - 0) + 28 + -25
43
Evaluate 41 + (11 - (12 + 75)).
-35
Evaluate 30 - (95 - 72) - -42.
49
Calculate 6 + -2 + -23 - (14 + -24 + 21).
-30
What is the value of -12 + -483 + 491 + 0 + 6?
2
7 + 5 + 47 + -2 + 15 + -22 + 3
53
What is the value of -44 + (-33 + 17 - (-10 - (6 + 11)))?
-33
Calculate 0 + 6 + -21 + 11 + (2 - 2) + 0.
-4
(-6 - ((-12 - -11) + 11)) + (12 - -15)
11
Calculate 5 - (-3 + 1) - (-27 - (20 + -44)) - -7.
17
What is the value of 104 + 1 - (-21 - -34 - 23 - 11)?
126
What is -7 - (-2 + (-3 - -10) + -7 + 44 + 8)?
-57
-16 + -25 + 3 + 35
-3
Evaluate -20 - (-26 - (19 - 3) - -66).
-44
Evaluate 11 - (75 + (-21 + -2 - -1)).
-42
Calculate -39 + 63 + -21 + -3.
0
Calculate (3 - (-17 + 18)) + (5 + -17 - -18).
8
Calculate 31 + (-53 + 91 - 72).
-3
Evaluate (-41 - -33) + 106 - (-5 - -30).
73
-20 - (21 + (-1 - 11) + -20) - -2
-7
What is -135 + (22 - (-28 - (-49 + 6)))?
-128
Evaluate 274 - (-124 + 111 + 163).
124
What is the value of -115 + (19 - -226) + -127?
3
What is 7 + -28 - (5 - ((-2 - 3) + 7))?
-24
Evaluate (34 - (-5 + -6 + 27)) + -2 + 101.
117
Calculate 4 + 13 + 4 + -100 + -12 + 1 - -9.
-81
What is the value of 43 - (-40 + (106 - 2))?
-21
What is the value of -17 - ((-136 - -148) + 71)?
-100
Evaluate -11 - (12 - 8) - (-12 + 20 - 20).
-3
Evaluate 81 - (99 + -74 - -50).
6
Calculate -41 - (7 + -9 + (6 - -2 - (2 + 17))).
-28
Calculate 8 + -13 + 46 + -12 + (8 - -14).
51
What is the value of 79 - (2 - (46 - 95))?
28
Evaluate -21 + 26 + 1 - (2 + -5) - 39.
-30
What is the value of (-30 - -10) + -4 + 7 + -13 + 7 + 10?
-13
Calculate (0 - (15 - 16)) + -5 - (35 - (2 + -2)).
-39
What is 5 + (31 + -14 - 20 - -12) + 132?
146
Calculate 128 + -2 + (-25 + 2 + 18 - (-18 + 1)).
138
What is 2 + (-6 - (13 + -8)) + -14?
-23
Evaluate -69 + -153 - -139 - (5 + 0).
-88
What is the value of 6 - (14 + 17 + 9 + -13)?
-21
Calculate (-29 - -35) + -2 + 4 + -9 + 87.
86
10 + -6 + -5 + 3 + 18
20
What is 44 - 64 - (-4 - (2 - -14))?
0
Evaluate -13 - (-159 + 120 - (-9 + -4)).
13
Calculate -38 + (46 - (55 - -47)).
-94
Evaluate 16 - 8 - (67 - 12) - -8.
-39
Calculate 39 + (-4 + -18 - (-88 + 81)).
24
Evaluate 14 + (-22 - -8) - (-65 + (8 - -5)).
52
Calculate 6 - (-24 + 102 - 19).
-53
Evaluate (-2 - -17) + (132 - 358 - -98).
-113
-115 + -1 + 4 - (569 + -611)
-70
What is the value of -121 - (-16 - (-46 - -13) - 35)?
-103
Calculate 3 + 36 + 4 + (-10 - 0) + 19 - 5.
47
Calculate -5 + (-2 - 2) + -28 + -3 + -1 + 8.
-33
Evaluate -6 - 3 - (22 + -6 + -8 + 33 + -3).
-47
What is -175 + 164 - (-10 + (1 - 1 - -6))?
-7
0 + -4 + 14 + (-1 + -14 - -33 - -41)
69
What is the value of (-2 + -16 + 7 + -6 - -126) + -16?
93
What is -38 + -49 - -105 - (-1 + 20)?
-1
What is -665 + 594 - (-72 + 0)?
1
What is -39 - ((7 - 36) + -50)?
40
What is the value of -32 - -19 - ((-1 - -21) + 0 + -10)?
-23
-27 - (0 + -14 + (-58 - -94))
-49
Evaluate 17 + -7 + -17 + -24 + 23 + 10 - 33.
-31
What is -87 + -195 + 275 + 63 + 1 + -2 + -2?
53
50 + -20 + 51 - 36
45
What is -15 + (189 + -202 - (0 - -8))?
-36
Evaluate (-2 - -18) + (102 - 122) - -16.
12
Calculate 30 + -33 + -4 - -66 - (-14 - 0).
73
Evaluate 2 - -2 - (-20 + (9 - 0) + 13) - 43.
-41
664 + -658 + 11 + 0
17
What is the value of -8 + 8 - (28 + -18 + (0 - (24 + 2)))?
16
(-48 - (97 - 32)) + (-16 + 4 - (1 + 1))
-127
Calculate 79 + -27 + (21 - 10) + -21.
42
Evaluate 7 - (-17 - (-99 + -17 + 13)) - -8.
-71
Evaluate 169 - (-78 + 209) - (1 + 22).
15
Calculate -47 + 41 + -15 - 23.
-44
Evaluate (-55 - (-1 + -7)) + 41 + (-2 - 0).
-8
-115 + 112 + 22 + -29
-10
Evaluate 18 + -1 + (-205 - -209 - -6).
27
What is 3 - 3 - -7 - (10 + 22 - 34)?
9
What is -12 + (-15 + 4 - 27 - -17)?
-33
Evaluate (6 - (8 - (-11 + 11 - -2))) + 60 + -5.
55
Calculate 31 - ((-4 - -5 - (-8 + 9)) + 13).
18
What i